llions digit of 3144400139?
1
What is the tens digit of 150775415?
1
What is the tens digit of 7551257966?
6
What is the ten thousands digit of 360120426?
2
What is the ten millions digit of 116998251?
1
What is the hundreds digit of 34572173?
1
What is the tens digit of 1649987973?
7
What is the ten millions digit of 664958540?
6
What is the hundreds digit of 224154408?
4
What is the hundreds digit of 33242902?
9
What is the ten millions digit of 4535325631?
3
What is the millions digit of 31399889?
1
What is the tens digit of 3627816706?
0
What is the ten thousands digit of 57143007?
4
What is the ten thousands digit of 339934662?
3
What is the ten millions digit of 203258959?
0
What is the hundred thousands digit of 11899931?
8
What is the units digit of 517732116?
6
What is the hundreds digit of 1547020948?
9
What is the ten thousands digit of 647341381?
4
What is the ten millions digit of 2604251156?
0
What is the tens digit of 73240742?
4
What is the ten millions digit of 1698892286?
9
What is the units digit of 1794510547?
7
What is the ten millions digit of 57992089?
5
What is the hundred thousands digit of 42259838?
2
What is the tens digit of 470036415?
1
What is the ten millions digit of 344059378?
4
What is the hundred millions digit of 125247173?
1
What is the units digit of 24133209?
9
What is the thousands digit of 91635787?
5
What is the tens digit of 1094431905?
0
What is the tens digit of 106964516?
1
What is the hundreds digit of 2803934753?
7
What is the units digit of 2264295660?
0
What is the hundred thousands digit of 2344060207?
0
What is the hundreds digit of 1454303789?
7
What is the ten millions digit of 47389443?
4
What is the tens digit of 51925271?
7
What is the ten thousands digit of 1178115409?
1
What is the ten thousands digit of 94902226?
0
What is the hundred millions digit of 111222896?
1
What is the millions digit of 103785086?
3
What is the thousands digit of 89537184?
7
What is the hundred millions digit of 443916465?
4
What is the hundred millions digit of 399111759?
3
What is the ten millions digit of 25939753?
2
What is the hundreds digit of 4906050340?
3
What is the millions digit of 71352641?
1
What is the hundred millions digit of 369226092?
3
What is the hundreds digit of 656645901?
9
What is the hundred thousands digit of 415907890?
9
What is the hundreds digit of 18927736?
7
What is the thousands digit of 977779196?
9
What is the ten thousands digit of 49981047?
8
What is the hundreds digit of 1869715487?
4
What is the tens digit of 42024778?
7
What is the thousands digit of 9786692?
6
What is the ten thousands digit of 14392643?
9
What is the millions digit of 1331118632?
1
What is the hundred thousands digit of 146897030?
8
What is the billions digit of 1007801583?
1
What is the hundred thousands digit of 128580230?
5
What is the hundred thousands digit of 67568688?
5
What is the thousands digit of 100899166?
9
What is the hundreds digit of 4903993945?
9
What is the millions digit of 1959391034?
9
What is the hundred thousands digit of 59612129?
6
What is the hundred thousands digit of 38792026?
7
What is the tens digit of 107158803?
0
What is the ten thousands digit of 126036407?
3
What is the ten millions digit of 310730655?
1
What is the hundred thousands digit of 12262510?
2
What is the units digit of 850947356?
6
What is the units digit of 45483713?
3
What is the hundreds digit of 11464860?
8
What is the ten millions digit of 133996438?
3
What is the ten millions digit of 935581719?
3
What is the ten millions digit of 1628247010?
2
What is the millions digit of 444490333?
4
What is the ten millions digit of 2407022884?
0
What is the ten millions digit of 27042223?
2
What is the thousands digit of 173863119?
3
What is the thousands digit of 808603353?
3
What is the billions digit of 5985234982?
5
What is the millions digit of 969842021?
9
What is the thousands digit of 51875505?
5
What is the millions digit of 578831695?
8
What is the thousands digit of 219877969?
7
What is the hundred thousands digit of 2715054283?
0
What is the tens digit of 1147354140?
4
What is the units digit of 130329566?
6
What is the hundreds digit of 206026667?
6
What is the thousands digit of 801934229?
4
What is the units digit of 63003075?
5
What is the thousands digit of 46451886?
1
What is the hundred millions digit of 114657861?
1
What is the ten millions digit of 552246316?
5
What is the thousands digit of 1796341123?
1
What is the tens digit of 592961?
6
What is the thousands digit of 405473525?
3
What is the ten thousands digit of 120176082?
7
What is the thousands digit of 427526032?
6
What is the hundreds digit of 1534190718?
7
What is the hundred millions digit of 191977924?
1
What is the millions digit of 137002795?
7
What is the hundred millions digit of 2780615867?
7
What is the hundreds digit of 247943898?
8
What is the millions digit of 3335954440?
5
What is the billions digit of 1546213376?
1
What is the millions digit of 443533387?
3
What is the hundred millions digit of 368073316?
3
What is the ten thousands digit of 4333629631?
2
What is the tens digit of 9464274?
7
What is the hundred millions digit of 205920303?
2
What is the thousands digit of 178879820?
9
What is the ten millions digit of 1556510231?
5
What is the hundred thousands digit of 28612285?
6
What is the millions digit of 39433842?
9
What is the hundred millions digit of 2609061490?
6
What is the tens digit of 49895486?
8
What is the ten millions digit of 73928513?
7
What is the hundred millions digit of 485246808?
4
What is the hundreds digit of 2875440311?
3
What is the units digit of 26695040?
0
What is the tens digit of 144681896?
9
What is the ten millions digit of 76124365?
7
What is the tens digit of 34748832?
3
What is the ten thousands digit of 886444199?
4
What is the tens digit of 433042180?
8
What is the units digit of 49301074?
4
What is the ten millions digit of 192868440?
9
What is the tens digit of 6768730915?
1
What is the millions digit of 324437007?
4
What is the millions digit of 1090109318?
0
What is the ten thousands digit of 247278393?
7
What is the millions digit of 1666756481?
6
What is the hundred millions digit of 1322890313?
3
What is the hundred millions digit of 291134442?
2
What is the hundred millions digit of 214606364?
2
What is the hundred thousands digit of 148559716?
5
What is the millions digit of 36531889?
6
What is the hundreds digit of 1029599808?
8
What is the hundred millions digit of 1890987034?
8
What is the ten thousands digit of 534694191?
9
What is the thousands digit of 22580517?
0
What is the thousands digit of 161991759?
1
What is the hundred thousands digit of 370271127?
2
What is the ten thousands digit of 4682158177?
5
What is the ten thousands digit of 7203624287?
2
What is the hundred millions digit of 2270644688?
2
What is the ten millions digit of 31789060?
3
What is the thousands digit of 659511920?
1
What is the thousands digit of 290806719?
6
What is the ten thousands digit of 990064625?
6
What is the ten millions digit of 555444330?
5
What is the tens digit of 16878402?
0
What is the tens digit of 2246123070?
7
What is the units digit of 1311046289?
9
What is the hundreds digit of 37776488?
4
What is the hundred thousands digit of 17465923?
4
What is the hundred millions digit of 823997723?
8
What is the ten thousands digit of 38603193?
0
What is the millions digit of 828839416?
8
What is the tens digit of 807085819?
1
What is the hundreds digit of 8371475949?
9
What is the hundred thousands digit of 614995478?
9
What is the units digit of 184027580?
0
What is the ten thousands digit of 338420013?
2
What is the hundred millions digit of 4274451076?
2
What is the hundred millions digit of 168624635?
1
What is the hundred millions digit of 1383409090?
3
What is the thousands digit of 59968439?
8
What is the millions digit of 115352979?
5
What is the hundreds digit of 60615262?
2
What is the hundred thousands digit of 1799535?
7
What is the ten millions digit of 694858346?
9
What is the units digit of 124568495?
5
What is the thousands digit of 2531947464?
7
What is the thousands digit of 23407212?
7
What is the thousands digit of 117654059?
4
What is the millions dig